-27
Calculate 63 + (-106 + 45 - -39).
41
What is -47 + -131 + (76 - -23)?
-79
What is the value of 183 - (-106 + 339 - 123)?
73
What is (-78 - (-28 - 59)) + (-1 - -2 - -9)?
19
What is (300 - 152) + -262 - ((-1 - 0) + -7)?
-106
Evaluate 1 - (-13 - 2) - (92 + (53 - 61) + -26).
-42
What is -39 - (13 + (-28 - -21) - (-4 - -5))?
-44
Calculate 55 - (49 + 58 + 4).
-56
9 - ((-12 + 41 - -12) + 7 + -16)
-23
What is the value of (1 - 12) + (9 - 4) + 38 + -39?
-7
Evaluate -24 + 1 + (-18 + 10 - (-2 + -3)).
-26
What is the value of 32 + (1 - 13) + -44 + 17?
-7
What is 4422 - 4213 - (-3 + 81)?
131
Calculate -37 + 80 + -3 + 28.
68
Evaluate 63 - (25 + 83) - -46.
1
Evaluate 5 + (-42 + 15 - 34).
-56
2 + (-2 - 1) + 44 + 12 + -130
-75
What is the value of -31 + 10 + 55 + -10 - 89?
-65
-59 - (-65 - 20) - 86
-60
What is the value of 8 - (-4 + -3 + -13) - 0 - -9?
37
0 - (-20 + -9 + 26)
3
Evaluate 60 - (-24 + 21 - 2).
65
Calculate 9 - (-64 - (34 + -30 - (-3 + 15))).
65
What is the value of 15126 - 15123 - (-96 + (-1 - 0))?
100
Evaluate 46994 + -46980 + (-1 - 0) + 2.
15
What is the value of 6 + -6 + -1 - (-186 + 192)?
-7
48 - (-13 - (-26 - -10) - 5)
50
Evaluate -32 + (-15 - (29 - 178)) + -21.
81
What is 11 + (-10 - 8 - -1) + 21 + 24?
39
What is the value of 5 + -1 - (-225 - -195)?
34
Evaluate (145 - 77) + (-53 - -3).
18
What is -99 - ((53 - 153) + -113)?
114
-1 + 5 - (36 + -2 + (-4 - -1 - -6))
-33
What is the value of (4 - 3) + (-81 - -63) + (-2 - -14) - -22?
17
What is the value of 233 - 261 - (-1 + 9 - -18)?
-54
What is 34 - (-21 + 40) - (12 - (-3 - -2))?
2
Calculate 1 + -2 + -163 + 172 + -20.
-12
-25 + (-61 - (-37 + -8) - -47)
6
-12 - (4 - (45 + 1 + -4))
26
(10 + 0 + -3 - (49 - 47)) + (-10 - -9)
4
Calculate (-7 - (14 + -4)) + (-14 - -2) + 8 + 3.
-18
Evaluate (-5 + 18 - 40) + 9 + 11 - -78.
71
Evaluate -4432 + 4372 - (-116 + -1).
57
27 - (-11 - 2 - -7 - 31)
64
What is the value of -42 + 52 - (1 - -5) - 29?
-25
-6 - (2 + -17) - (17 + -29 - -18) - 48
-45
(-17 + 14 + -5 - -9) + -70
-69
Calculate (-54 - 2) + (13 + 45 - 56).
-54
What is -11 + 29 + (-3 + -2 - 4) - (17 - -113)?
-121
Calculate 21 + (32 - 38) - (-3 + 9 - 23).
32
-29 + (-7 + 40 - 40) + (3 - (0 - 10))
-23
Calculate -60 + 2 - (-19 + 4 + 13 + -4 - 0).
-52
Calculate -16 + 23 + -33 + 6 + -60.
-80
(17 - (-1 - -2)) + (-288 - (-531 + 300))
-41
Calculate 0 + 42 - (2735 - 2706).
13
Calculate 3 + 0 + (-65 - -35) + 22 + 1 + -52.
-56
What is the value of 14 - (-3 - -39 - (-11 + 17) - 4)?
-12
What is the value of -12 - -6 - (-17 - -9 - 23) - (1 - 3)?
27
What is 1 + -9 + (-48 + 35 - (7 + -24))?
-4
Calculate -2 + 160 + (3455 - 3691).
-78
What is the value of (13 - 18) + (5 + -64 - -55)?
-9
Calculate (-47 - (-19 - -64)) + 35.
-57
What is -45 - (-2 + 6) - (-11 - -16) - (-22 - -30)?
-62
What is the value of -49 - (-138 + -49 + 104)?
34
Calculate -35 + 49 + 43 - 35.
22
What is the value of (0 - -36) + (-264 - -248 - (1 + -23))?
42
What is the value of 1 + -4 - (5 - (-26 + 41 - 13))?
-6
Evaluate (-16 - -4) + (42 + -28 - (16 - 1)).
-13
(2 - ((1 - 5) + 1 - -16)) + (1361 - 1292)
58
-39 + (3 + 5 + -4 - (-94 + 101) - -14)
-28
Evaluate -12 + 3 + 7 - (10 + -28 + 8 + -2).
10
Evaluate 2 + (391 + -363 - (4 - 4 - -3)).
27
Evaluate (-4 - -1) + (36 - 11) - -17.
39
What is the value of (-3 - -9) + (-58 - -54 - (74 + (-9 - -4)))?
-67
Calculate -14 + ((-17 - -59) + 2 - 21).
9
What is the value of (51 - (4 - -34)) + -13 + (-3 - -6)?
3
Evaluate (18 - 10) + 14 + 6 + (8 - 1).
35
-3 - (-129 + 4) - (94 + -172 + 53)
147
28 + -19 + (-3 - -13) - -8
27
What is 2287 - 2303 - (2 + -56)?
38
What is the value of (35 - 38 - -1) + -20 + 10?
-12
Evaluate 108 - (106 + -129 + 70).
61
Evaluate -3 + 2 - (-21 + (10 - -26 - 17)).
1
-30 - -30 - (2 - 41) - (16 - 4)
27
What is the value of (-63 - (-150 - -85)) + (0 - 2 - 67)?
-67
What is -62 - ((-122 - -52) + 72)?
-64
186 + -174 - (-8 + (-3 - -2))
21
Evaluate (-18 - (-25 - 4) - (0 + (4 - 7))) + 5.
19
(111 - 130) + (2 - 1 - 47)
-65
Evaluate 7 - (-1 + -21 + 13 + (4 - 5)).
17
Calculate 89 - (-7 + 58) - 6.
32
-8 + 18 + -36 + -2 - (-20 - -16)
-24
Evaluate 0 + -16 + (-78 - (192 - 308)).
22
What is the value of 5 + -19 + 38 - (-78 - -93)?
9
Calculate 11 + -38 + 9 + 23 + 0 + 51.
56
-35 - 4 - 2 - -33
-8
Evaluate (4 + 1 - (-7 + -1)) + (334 - 366).
-19
0 + (4 - -8) + 21
33
(65 - (24 - (5 + 19 + -5))) + 19
79
What is the value of (1 - 5) + -5 + 3 + -41 + (-13 - -16)?
-44
124 - 233 - (-27 + -72)
-10
What is 72 + (-127 - -70) + -15?
0
Evaluate (-3721 - -3678) + (1 - -43).
1
What is the value of -1 - (0 + -2) - (-13 + (-11 - -18) - -14)?
-7
What is the value of 31 - (52 + -18 + -18 - 18)?
33
Calculate 1 + -3 + -10 + 45.
33
Evaluate 3 + -7 - (51 + (-21 - -9)).
-43
22 + 2 + (13 - 34 - 4) + 24
23
Calculate -2 + (-184 - -119 - 19).
-86
Calculate (31 + -9 - 23) + -1 + 0.
-2
What is the value of (49 - (51 - 83)) + -1 + (-10 - -2) - 3?
69
What is the value of (-154 - (-68 - 42)) + -17?
-61
What is the value of 2 + -6 - (-53 + 40 + (9 - (11 + -30)))?
-19
Calculate -3835 + 3783 + (89 - 1).
36
(11 - 2) + (9 - (33 + -97 + 9))
73
13 + -2 + -10 - (-1 + 16) - -10 - 79
-83
Evaluate -63 + 63 - 56 - -7.
-49
What is -31 + 34 + -66 - -33 - 4?
-34
Calculate -4 + (12 - 5) + 7 - (5 - (15 - -84)).
104
What is -4 + (48 - ((9 - 4) + 9 - 2))?
32
What is (14 - (-4 + -3)) + (15 - 22)?
14
Calculate (37 + -7 + -32 - 21) + 167.
144
What is the value of 567 + -550 + (5 - (42 + 5))?
-25
Calculate 5 + 0 - (-5315 + 5366).
-46
Evaluate -103 - (-4 + 1 + -7 + 25) - (-7 - -3).
-114
Evaluate -32 - -36 - (37 - (-39 + 29 + 19 + 1)).
-23
What is the value of (-2 - (-9 - ((-8 - -8) + -5))) + -68 + 8?
-58
26 + -1 + -2 - (-1433 + 1424)
32
What is (-14 - 1) + (-116 - -150) + -14 - (-9 - -3)?
11
What is -24 - (-55 + (72 - 36))?
-5
What is the value of 41 + (4 - (-11 - (-24 - 8)))?
24
Calculate -2 + (1 + -2 - (2 - -5)) - (-942 - -877).
55
43 - (12 + (-19 - 33)) - -32
115
Evaluate (3 - (10 - (6 + 5))) + (-4 - 23).
-23
Calculate 109 + (12 - (-2 - 10 - -20) - 6).
107
-20 + -9 + -23 + 49
-3
Calculate (71 - -1) + (-18 - 17).
37
-172 - (46 + -51 + -104)
-63
16 + (549 + -563 - ((-3 - 0) + -10))
15
What is the value of 49 + -8 + (7 - -4) + 15 + 11?
78
What is the value of 63 + (-16 - 5) + -50 + (-37 - (0 + -1))?
-44
4 - ((-13 - (1 + -2)) + -2 + -16 + 6)
28
What is -2 + (10 - 2) + -66 + -77 + 153?
16
Evaluate 167 + -269 + 116 - (-7 + 1).
20
What is the value of -119 + 26 + (65 - 36) - (-10 - 0)?
-54
Evaluate -74 + (176 - 22) + -20.
60
Evaluate 74 + (50 - -1) + -64.
61
113 + 0 - (-7500 - -7625)
-12
Calculate (-142 + 298 - 136) + 3 + -2 + 57.
78
What is the value of -14 - (24 + (19 - 84) + (3 - -10)) - 48?
-34
What is the value of 5 - (-2 - (13 - 6) - (-1 + -15))?
-2
What is (11 - (0 - 0)) + (9 - 3 - (151 + -121))?
-13
-73 + (30 - (-10 - 1)) + 46
14
What is the value of 73 + (-84 - -123 - -5)?
117
What is the value of -67 - ((22 + (-8 - 5) - (-3 + 3)) + 1)?
-77
Evaluate (-88 - -53) + -46 + 57.
-24
Evaluate (-28 - 1) + 1 + 8987 + -8997.
-38
72 + -1 - (55 + -11 + (43 - 75))
59
What is 69 + -48 - ((-10 - -1) + 16 + 1)?
13
What is 10 + 117 + (-10 - (17 + -2 + 5 + -18))?
115
Evaluate (-6 - (-7 - 63)) + 4 - (8 + -3 - -2).
61
-63 - (9 + 40 - 80)
-32
Calculate -14 + 19 + -62 + (1 - 2 - -3) - -2.
-53
Calculate 0 + (3 - 15 - (-13 - -6) - -12) - 24.
-17
What is the value of -51 + (-36 - -2) + 67?
-18
What is the value of -14 + -54 + 12 - (-1 - ((-2 - -2) + -9))?
-64
What is the value of -62 - (-42 - 6) - (-59 - 4)?
49
79 + (8 - 6) + -9 + (-46 - -40)
66
Evaluate 0 + -10 - (0 + -18 + -5 + 11) - -82.
84
Evaluate (113 - 0) + -8878 + 8849.
84
What is the value of (1 - 29) + (2842 - 2851)?
-37
What is 62 + -94 + -16 + 26?
-22
37 + (-45 - 2) + 334 + -382
-58
What is 15 + 38 + (20 - -36 - 3)?
106
What is the value of -126 - (100 + (-289 - -95))?
-32
Evaluate -115 + (81 - -70) + 36.
72
What is -4 + -2 - (-956 - -934)?
16
1034 + -1052 + -23 + 1 - ((1 - 0) + -14)
-27
-7 + 48 + -17 + (17 - 10) + 0
31
Evaluate (1193 - 1159) + (0 - -4) + 8.
46
What is the value of 64 + (-8 + 9 - (11 - (2 - -2)))?
58
Calculate 34 - (-11 + 21 - 10 - (7 + 0)).
41
Evaluate -56 + 5 - (-421 - -368) - ((0 - 0) + 15).
-13
13 - ((-19 - (-54 + 56 + 2 + -1)) + 8)
27
Evaluate -166 + -112 - -281 - (-2 + 15 + (-1 - 0)).
-9
Calculate 1 + -8 - (41 